{"id":82,"date":"2023-02-23T11:59:52","date_gmt":"2023-02-23T10:59:52","guid":{"rendered":"https:\/\/sites.dcuci.univr.it\/ultracorpi\/?page_id=82"},"modified":"2023-12-23T21:15:41","modified_gmt":"2023-12-23T20:15:41","slug":"contatti","status":"publish","type":"page","link":"https:\/\/sites.dcuci.univr.it\/ultracorpi\/contatti\/","title":{"rendered":"Contatti | Contact"},"content":{"rendered":"\n<figure class=\"wp-block-image alignfull size-large\"><img loading=\"lazy\" decoding=\"async\" width=\"1024\" height=\"213\" src=\"https:\/\/sites.dcuci.univr.it\/ultracorpi\/wp-content\/uploads\/2023\/12\/Base-2-1024x213.png\" alt=\"\" class=\"wp-image-512\" srcset=\"https:\/\/sites.dcuci.univr.it\/ultracorpi\/wp-content\/uploads\/2023\/12\/Base-2-1024x213.png 1024w, https:\/\/sites.dcuci.univr.it\/ultracorpi\/wp-content\/uploads\/2023\/12\/Base-2-300x63.png 300w, https:\/\/sites.dcuci.univr.it\/ultracorpi\/wp-content\/uploads\/2023\/12\/Base-2-150x31.png 150w, https:\/\/sites.dcuci.univr.it\/ultracorpi\/wp-content\/uploads\/2023\/12\/Base-2-768x160.png 768w, https:\/\/sites.dcuci.univr.it\/ultracorpi\/wp-content\/uploads\/2023\/12\/Base-2-1536x320.png 1536w, https:\/\/sites.dcuci.univr.it\/ultracorpi\/wp-content\/uploads\/2023\/12\/Base-2.png 1920w\" sizes=\"(max-width: 1024px) 100vw, 1024px\" \/><\/figure>\n\n\n\n<div style=\"height:34px\" aria-hidden=\"true\" class=\"wp-block-spacer\"><\/div>\n\n\n\n<h3 class=\"wp-block-heading\">Universit\u00e0 di Verona <strong>| <\/strong><em><strong>University<\/strong><\/em> <em>of  Verona<\/em><\/h3>\n\n\n\n<div class=\"wp-block-media-text alignwide is-stacked-on-mobile\" style=\"grid-template-columns:15% auto\"><figure class=\"wp-block-media-text__media\"><img loading=\"lazy\" decoding=\"async\" width=\"1024\" height=\"1024\" src=\"https:\/\/sites.dcuci.univr.it\/ultracorpi\/wp-content\/uploads\/2023\/12\/vecteezy_simple-university-icon_-1-1024x1024-1-1.png\" alt=\"\" class=\"wp-image-515 size-full\" srcset=\"https:\/\/sites.dcuci.univr.it\/ultracorpi\/wp-content\/uploads\/2023\/12\/vecteezy_simple-university-icon_-1-1024x1024-1-1.png 1024w, https:\/\/sites.dcuci.univr.it\/ultracorpi\/wp-content\/uploads\/2023\/12\/vecteezy_simple-university-icon_-1-1024x1024-1-1-300x300.png 300w, https:\/\/sites.dcuci.univr.it\/ultracorpi\/wp-content\/uploads\/2023\/12\/vecteezy_simple-university-icon_-1-1024x1024-1-1-150x150.png 150w, https:\/\/sites.dcuci.univr.it\/ultracorpi\/wp-content\/uploads\/2023\/12\/vecteezy_simple-university-icon_-1-1024x1024-1-1-768x768.png 768w, https:\/\/sites.dcuci.univr.it\/ultracorpi\/wp-content\/uploads\/2023\/12\/vecteezy_simple-university-icon_-1-1024x1024-1-1-666x666.png 666w\" sizes=\"(max-width: 1024px) 100vw, 1024px\" \/><\/figure><div class=\"wp-block-media-text__content\">\n<p class=\"has-white-color has-text-color\">Dipartimento di Culture e Civilt\u00e0<br>Universit\u00e0 degli Studi di Verona<br>Viale dell&#8217;Universit\u00e0, 4<br>37129, Verona<\/p>\n<\/div><\/div>\n\n\n\n<hr class=\"wp-block-separator has-text-color has-black-color has-alpha-channel-opacity has-black-background-color has-background is-style-default\"\/>\n\n\n\n<h3 class=\"wp-block-heading\">Redazione <strong>| <em>Editorial staff<\/em><\/strong><\/h3>\n\n\n\n<div class=\"wp-block-media-text alignwide is-stacked-on-mobile\" style=\"grid-template-columns:15% auto\"><figure class=\"wp-block-media-text__media\"><img loading=\"lazy\" decoding=\"async\" width=\"1024\" height=\"707\" src=\"https:\/\/sites.dcuci.univr.it\/ultracorpi\/wp-content\/uploads\/2023\/12\/mail-1-1024x707-1.png\" alt=\"\" class=\"wp-image-516 size-full\" srcset=\"https:\/\/sites.dcuci.univr.it\/ultracorpi\/wp-content\/uploads\/2023\/12\/mail-1-1024x707-1.png 1024w, https:\/\/sites.dcuci.univr.it\/ultracorpi\/wp-content\/uploads\/2023\/12\/mail-1-1024x707-1-300x207.png 300w, https:\/\/sites.dcuci.univr.it\/ultracorpi\/wp-content\/uploads\/2023\/12\/mail-1-1024x707-1-150x104.png 150w, https:\/\/sites.dcuci.univr.it\/ultracorpi\/wp-content\/uploads\/2023\/12\/mail-1-1024x707-1-768x530.png 768w\" sizes=\"(max-width: 1024px) 100vw, 1024px\" \/><\/figure><div class=\"wp-block-media-text__content\">\n<p class=\"has-white-color has-text-color\">Scrivi alla redazione:<br><a rel=\"noreferrer noopener\" href=\"mailto:redazione.ultracorpi@gmail.com\" target=\"_blank\">redazione.ultracorpi@gmail.com<\/a><\/p>\n<\/div><\/div>\n\n\n\n<hr class=\"wp-block-separator has-text-color has-black-color has-alpha-channel-opacity has-black-background-color has-background is-style-default\"\/>\n\n\n\n<h3 class=\"wp-block-heading\">Direzione<strong> <\/strong>| <strong><em>Editorial Director<\/em><\/strong><\/h3>\n\n\n\n<div class=\"wp-block-media-text alignwide is-stacked-on-mobile\" style=\"grid-template-columns:15% auto\"><figure class=\"wp-block-media-text__media\"><img loading=\"lazy\" decoding=\"async\" width=\"612\" height=\"612\" src=\"https:\/\/sites.dcuci.univr.it\/ultracorpi\/wp-content\/uploads\/2023\/12\/istockphoto-868640314-612x612-1.png\" alt=\"\" class=\"wp-image-517 size-full\" srcset=\"https:\/\/sites.dcuci.univr.it\/ultracorpi\/wp-content\/uploads\/2023\/12\/istockphoto-868640314-612x612-1.png 612w, https:\/\/sites.dcuci.univr.it\/ultracorpi\/wp-content\/uploads\/2023\/12\/istockphoto-868640314-612x612-1-300x300.png 300w, https:\/\/sites.dcuci.univr.it\/ultracorpi\/wp-content\/uploads\/2023\/12\/istockphoto-868640314-612x612-1-150x150.png 150w\" sizes=\"(max-width: 612px) 100vw, 612px\" \/><\/figure><div class=\"wp-block-media-text__content\">\n<p class=\"has-white-color has-text-color\">Scrivi alla direzione:<br><a href=\"mailto:denis.lotti@univr.it\" target=\"_blank\" rel=\"noreferrer noopener\">denis.lotti@univr.it<\/a><\/p>\n<\/div><\/div>\n\n\n\n<div style=\"height:34px\" aria-hidden=\"true\" class=\"wp-block-spacer\"><\/div>\n\n\n\n<p class=\"has-medium-font-size\"><\/p>\n","protected":false},"excerpt":{"rendered":"<p>Universit\u00e0 di Verona | University of Verona Dipartimento di Culture e Civilt\u00e0Universit\u00e0 degli Studi di VeronaViale dell&#8217;Universit\u00e0, 437129, Verona Redazione<\/p>\n<p><a href=\"https:\/\/sites.dcuci.univr.it\/ultracorpi\/contatti\/\" class=\"more-link\">Continue reading<span class=\"screen-reader-text\">Contatti | Contact<\/span><\/a><\/p>\n","protected":false},"author":2,"featured_media":0,"parent":0,"menu_order":2,"comment_status":"closed","ping_status":"closed","template":"","meta":{"footnotes":""},"_links":{"self":[{"href":"https:\/\/sites.dcuci.univr.it\/ultracorpi\/wp-json\/wp\/v2\/pages\/82"}],"collection":[{"href":"https:\/\/sites.dcuci.univr.it\/ultracorpi\/wp-json\/wp\/v2\/pages"}],"about":[{"href":"https:\/\/sites.dcuci.univr.it\/ultracorpi\/wp-json\/wp\/v2\/types\/page"}],"author":[{"embeddable":true,"href":"https:\/\/sites.dcuci.univr.it\/ultracorpi\/wp-json\/wp\/v2\/users\/2"}],"replies":[{"embeddable":true,"href":"https:\/\/sites.dcuci.univr.it\/ultracorpi\/wp-json\/wp\/v2\/comments?post=82"}],"version-history":[{"count":28,"href":"https:\/\/sites.dcuci.univr.it\/ultracorpi\/wp-json\/wp\/v2\/pages\/82\/revisions"}],"predecessor-version":[{"id":616,"href":"https:\/\/sites.dcuci.univr.it\/ultracorpi\/wp-json\/wp\/v2\/pages\/82\/revisions\/616"}],"wp:attachment":[{"href":"https:\/\/sites.dcuci.univr.it\/ultracorpi\/wp-json\/wp\/v2\/media?parent=82"}],"curies":[{"name":"wp","href":"https:\/\/api.w.org\/{rel}","templated":true}]}}